281 a prime number?
False
Is 1471823 a prime number?
False
Is 1408339 composite?
False
Is 215216201 prime?
True
Is 160449691 prime?
True
Is 2891117 composite?
True
Is 9718427 prime?
True
Is 1097431 a composite number?
True
Is 157962631 a prime number?
False
Is 15302537 composite?
True
Is 42985139 prime?
True
Is 293397521 a composite number?
False
Is 2388983 a prime number?
True
Is 16998103 a prime number?
False
Is 125365283 a prime number?
True
Is 22616081 prime?
False
Is 36008099 a composite number?
False
Is 55999 composite?
True
Is 169867 prime?
False
Is 21013961 a prime number?
True
Is 94110193 a prime number?
True
Is 2203941 a prime number?
False
Is 48821511 a prime number?
False
Is 318528097 a composite number?
False
Is 24528383 composite?
True
Is 180324737 a composite number?
True
Is 12564347 a composite number?
False
Is 176474017 composite?
False
Is 269986531 composite?
False
Is 482957 composite?
False
Is 7552439 composite?
True
Is 18421733 a composite number?
True
Is 399964417 a composite number?
False
Is 351586199 a composite number?
False
Is 21272974 prime?
False
Is 11634581 a composite number?
True
Is 38420063 a composite number?
True
Is 929041283 a prime number?
True
Is 12818447 prime?
True
Is 20525009 a prime number?
True
Is 314741017 composite?
False
Is 921979 a prime number?
False
Is 6486817 a prime number?
False
Is 7533983 prime?
True
Is 13666787 a composite number?
False
Is 7734581 a prime number?
True
Is 567685 composite?
True
Is 2285929 a prime number?
True
Is 644549 a composite number?
False
Is 33732917 a prime number?
True
Is 97146797 a composite number?
True
Is 45921713 a composite number?
False
Is 979831 a prime number?
True
Is 61645979 composite?
False
Is 13035619 a composite number?
True
Is 3724031 a composite number?
False
Is 33775031 a prime number?
True
Is 1678817 composite?
True
Is 11720594 a composite number?
True
Is 79568123 composite?
True
Is 144333961 composite?
True
Is 7518593 a prime number?
False
Is 1401391 a composite number?
True
Is 8612753 composite?
False
Is 29196347 prime?
True
Is 8503211 a composite number?
False
Is 2650961 prime?
True
Is 11426083 a prime number?
True
Is 37274189 a prime number?
True
Is 2672671 composite?
False
Is 66338549 a prime number?
True
Is 1403009 composite?
False
Is 44990521 composite?
True
Is 57151309 composite?
False
Is 5714411 prime?
True
Is 345356849 composite?
True
Is 347723 a prime number?
False
Is 7251353 a prime number?
False
Is 1918873 prime?
False
Is 6758854 a prime number?
False
Is 211108945 a composite number?
True
Is 3518491 a prime number?
True
Is 39090431 composite?
True
Is 5166443 prime?
True
Is 210607 a prime number?
False
Is 75278761 composite?
False
Is 2532083 a prime number?
True
Is 173520773 a prime number?
False
Is 144571667 a prime number?
False
Is 83173967 prime?
True
Is 7637717 a prime number?
False
Is 922807 a composite number?
False
Is 54095267 a composite number?
True
Is 10374967 prime?
True
Is 2316833 a composite number?
True
Is 7129067 composite?
True
Is 246062747 a composite number?
True
Is 778823 a composite number?
True
Is 597836227 composite?
True
Is 41423234 a prime number?
False
Is 2428669 prime?
False
Is 16543757 composite?
True
Is 3580777 a composite number?
True
Is 362679793 a composite number?
True
Is 582358853 composite?
False
Is 10860007 prime?
False
Is 25216701 a composite number?
True
Is 6564589 composite?
True
Is 102674797 composite?
False
Is 116632847 a prime number?
True
Is 61020613 a composite number?
True
Is 2555837 composite?
False
Is 4799437 composite?
False
Is 283093 a prime number?
True
Is 92985463 prime?
False
Is 4056959 composite?
True
Is 2334533 composite?
True
Is 581611 a composite number?
True
Is 13940257 prime?
True
Is 42075499 a prime number?
True
Is 11430911 composite?
False
Is 244009897 a prime number?
False
Is 2609207 composite?
False
Is 4578863 prime?
False
Is 1403771 a prime number?
False
Is 18464245 composite?
True
Is 331447 composite?
False
Is 1195861 a prime number?
False
Is 170750257 prime?
True
Is 6494549 a prime number?
True
Is 2923009 a composite number?
True
Is 10115473 a composite number?
True
Is 5456849 composite?
True
Is 324412279 a composite number?
True
Is 238817 a prime number?
False
Is 22656761 composite?
False
Is 34982647 prime?
False
Is 83542087 composite?
True
Is 7652053 a prime number?
True
Is 2299433 composite?
False
Is 75937231 prime?
False
Is 2736131 a prime number?
True
Is 3709681 composite?
False
Is 998311 prime?
True
Is 18166139 prime?
False
Is 8053237 composite?
True
Is 223297 a prime number?
False
Is 55528393 a composite number?
True
Is 38397251 prime?
False
Is 346180883 composite?
True
Is 86503117 a composite number?
True
Is 138766763 composite?
True
Is 5481053 prime?
True
Is 43206391 a composite number?
False
Is 1813769 composite?
True
Is 512240503 a composite number?
True
Is 553 a composite number?
True
Is 2614049 a prime number?
False
Is 27317723 composite?
True
Is 14326463 composite?
False
Is 7471235 composite?
True
Is 2680451 composite?
False
Is 48793537 a composite number?
True
Is 1141597 a composite number?
False
Is 87865403 a composite number?
True
Is 4997 a composite number?
True
Is 19702765 a prime number?
False
Is 28188653 a prime number?
False
Is 72643817 a prime number?
True
Is 48604811 a composite number?
False
Is 7985993 a composite number?
True
Is 45977057 a prime number?
False
Is 141854819 a prime number?
True
Is 28418141 composite?
True
Is 230647 composite?
False
Is 621898 composite?
True
Is 14285111 prime?
True
Is 159077455 prime?
False
Is 1220971 a composite number?
True
Is 2651465 composite?
True
Is 17296415 prime?
False
Is 2458811 a composite number?
True
Is 2669071 prime?
False
Is 330728897 a prime number?
False
Is 568735163 a prime number?
True
Is 6504599 a composite number?
False
Is 94300033 composite?
False
Is 43551899 composite?
False
Is 12355591 a composite number?
True
Is 4198273 a prime number?
False
Is 7523819 a composite number?
False
Is 1091561 a prime number?
True
Is 13549073 composite?
False
Is 109129353 a prime number?
False
Is 11026057 a composite number?
True
Is 1082983 a prime number?
False
Is 375467 a prime number?
True
Is 5882929 a prime number?
False
Is 21847603 a prime number?
False
Is 10803643 a prime number?
False
Is 531109 a composite number?
True
Is 311915 prime?
False
Is 36283417 a prime number?
True
Is 6439639 a composite number?
False
Is 1075133 composite?
False
Is 166226633 a prime number?
True
Is 50171783 composite?
False
Is 38852071 composite?
False
Is 35610983 a composite number?
True
Is 21819898 prime?
False
Is 205248289 composite?
False
Is 256398671 composite?
False
Is 68006357 a prime number?
False
Is 2010881 prime?
True
Is 290269 a composite number?
True
Is 80082753 a prime number?
False
Is 263759939 a prime number?
False
Is 13718179 prime?
False
Is 6283621 prime?
False
Is 1469257 prime?
True
Is 962029 a prime number?
False
Is 4269161 a prime number?
False
Is 251151983 prime?
True
Is 101045381 a composite number?
False
Is 26482331 composite?
False
Is 197567 prime?
True
Is 273908071 a composite number?
False
Is 214202038 prime?
False
Is 100219603 a prime number?
False
Is 471094577 a prime number?
True
Is 83168341 prime?
False
Is 151024847 a composite number?
False
Is 22898159 a prime number?
True
Is 260353421 a composite number?
True
Is 5985383 a prime number?
False
Is 3987754 a prime number?
False
Is 1022011 prime?
True
Is 229081 a prime number?
True
Is 49237501 a composite number?
False
Is 77228069 composite?
False
Is 857777953 a composite number?
False
Is 193383821 composite?
True
Is 16512059 prime?
True
Is 414889 a composite number?
False
Is 7804721 composite?
False
Is 17555197 a composite number?
True
Is 43605583 a composite number?
True
Is 2573927 composite?
False
Is 65688071 a composite number?
True
Is 139055369 a composite number?
False
Is 1004231 a prime number?
False
Is 51789898 a composite number?
True
Is 42803997 prime?
False
Is 7478941 a composite number?
False
Is 3226931 composite?
True
Is 21472589 composite?
False
Is 233271029 prime?
True
Is 1098983 a composite number?
True
Is 1796117 prime?
False
Is 117292039 a composite number?
True
Is 383017 a composite number?
True
Is 3106656607 composite?
False
Is 249841 c